{"id":3,"date":"2023-12-30T22:35:10","date_gmt":"2023-12-30T22:35:10","guid":{"rendered":"https:\/\/bardiawaltersrl.it\/cristofori\/?page_id=3"},"modified":"2024-11-02T17:52:39","modified_gmt":"2024-11-02T17:52:39","slug":"privacy-policy","status":"publish","type":"page","link":"https:\/\/bardiawaltersrl.it\/cristofori\/privacy-policy\/","title":{"rendered":"Privacy e Cookie Policy"},"content":{"rendered":"\t\t<div data-elementor-type=\"wp-page\" data-elementor-id=\"3\" class=\"elementor elementor-3\">\n\t\t\t\t<div class=\"elementor-element elementor-element-67d2991c e-flex e-con-boxed e-con e-parent\" data-id=\"67d2991c\" data-element_type=\"container\">\n\t\t\t\t\t<div class=\"e-con-inner\">\n\t\t\t\t<div class=\"elementor-element elementor-element-7e422d13 elementor-widget elementor-widget-text-editor\" data-id=\"7e422d13\" data-element_type=\"widget\" data-widget_type=\"text-editor.default\">\n\t\t\t\t<div class=\"elementor-widget-container\">\n\t\t\t<style>\/*! elementor - v3.23.0 - 05-08-2024 *\/\n.elementor-widget-text-editor.elementor-drop-cap-view-stacked .elementor-drop-cap{background-color:#69727d;color:#fff}.elementor-widget-text-editor.elementor-drop-cap-view-framed .elementor-drop-cap{color:#69727d;border:3px solid;background-color:transparent}.elementor-widget-text-editor:not(.elementor-drop-cap-view-default) .elementor-drop-cap{margin-top:8px}.elementor-widget-text-editor:not(.elementor-drop-cap-view-default) .elementor-drop-cap-letter{width:1em;height:1em}.elementor-widget-text-editor .elementor-drop-cap{float:left;text-align:center;line-height:1;font-size:50px}.elementor-widget-text-editor .elementor-drop-cap-letter{display:inline-block}<\/style>\t\t\t\t<p><!-- wp:heading --><\/p>\n<h2><strong class=\"privacy-policy-tutorial\">Privacy policy<\/strong><\/h2>\n<p><!-- \/wp:paragraph --><!-- wp:heading --><\/p>\n<p><b>lorussolex.com<\/b>\u00a0ha a cuore e si impegna a proteggere la privacy dell\u2019utente. Di seguito si riporta la policy e le misure adottate circa il trattamento dei dati personali liberamente forniti attraverso il modulo online o via e-mail.<\/p>\n<p><b>lorussolex.com<\/b>, in qualit\u00e0 di titolare del trattamento, raccoglie e tratta i dati personali dell\u2019utente secondo i principi di necessit\u00e0, correttezza, liceit\u00e0, proporzionalit\u00e0 e trasparenza, mediante elaborazioni manuali e strumenti elettronici, ai fini di dare pronto riscontro alle richieste sottoposte alla sua attenzione mediante il form presente sul sito.<\/p>\n<p>L\u2019utente \u00e8 pregato di non comunicare tramite il predetto form dati di natura sensibile (relativi, in particolare, a salute, convinzioni religiose e opinioni politiche) o giudiziari ex art. 4 Codice Privacy. Eventuali dati sensibili o giudiziari, comunicati su base esclusivamente volontaria, saranno immediatamente cancellati in mancanza di una dichiarazione scritta di consenso dell\u2019utente al loro trattamento da parte del Titolare.<\/p>\n<p>Il conferimento dei dati personali \u00e8 strettamente necessario per le attivit\u00e0 ed i servizi sopra indicati. In caso di rifiuto di fornire i dati personali richiesti, il titolare non potr\u00e0 rendere i servizi elencati e riscontrare le richieste pervenute.<\/p>\n<p>I dati personali potranno essere comunicati a persone incaricate del trattamento da parte del titolare, ma non saranno oggetto di diffusione. In particolare non verranno utilizzati per alcuno scopo commerciale o attivit\u00e0 di marketing.<\/p>\n<p>L\u2019interessato potr\u00e0 rivolgersi al titolare all\u2019indirizzo di posta elettronica <strong>studio@lorussolex<b>.com<\/b><\/strong>\u00a0(indicando nell\u2019oggetto \u201cPrivacy dell\u2019utente\u201d) per conoscere i suoi dati e farli integrare, modificare o cancellare per violazione di legge, od opporsi al loro trattamento o esercitare gli altri diritti previsti dall\u2019art. 7 del Codice\u00a0<\/p>\n<p><!-- \/wp:paragraph --><\/p>\t\t\t\t\t\t<\/div>\n\t\t\t\t<\/div>\n\t\t\t\t\t<\/div>\n\t\t\t\t<\/div>\n\t\t<div class=\"elementor-element elementor-element-8d87a4e e-flex e-con-boxed e-con e-parent\" data-id=\"8d87a4e\" data-element_type=\"container\">\n\t\t\t\t\t<div class=\"e-con-inner\">\n\t\t\t\t<div class=\"elementor-element elementor-element-5d457ef elementor-widget-divider--view-line elementor-widget elementor-widget-divider\" data-id=\"5d457ef\" data-element_type=\"widget\" data-widget_type=\"divider.default\">\n\t\t\t\t<div class=\"elementor-widget-container\">\n\t\t\t<style>\/*! elementor - v3.23.0 - 05-08-2024 *\/\n.elementor-widget-divider{--divider-border-style:none;--divider-border-width:1px;--divider-color:#0c0d0e;--divider-icon-size:20px;--divider-element-spacing:10px;--divider-pattern-height:24px;--divider-pattern-size:20px;--divider-pattern-url:none;--divider-pattern-repeat:repeat-x}.elementor-widget-divider .elementor-divider{display:flex}.elementor-widget-divider .elementor-divider__text{font-size:15px;line-height:1;max-width:95%}.elementor-widget-divider .elementor-divider__element{margin:0 var(--divider-element-spacing);flex-shrink:0}.elementor-widget-divider .elementor-icon{font-size:var(--divider-icon-size)}.elementor-widget-divider .elementor-divider-separator{display:flex;margin:0;direction:ltr}.elementor-widget-divider--view-line_icon .elementor-divider-separator,.elementor-widget-divider--view-line_text .elementor-divider-separator{align-items:center}.elementor-widget-divider--view-line_icon .elementor-divider-separator:after,.elementor-widget-divider--view-line_icon .elementor-divider-separator:before,.elementor-widget-divider--view-line_text .elementor-divider-separator:after,.elementor-widget-divider--view-line_text .elementor-divider-separator:before{display:block;content:\"\";border-block-end:0;flex-grow:1;border-block-start:var(--divider-border-width) var(--divider-border-style) var(--divider-color)}.elementor-widget-divider--element-align-left .elementor-divider .elementor-divider-separator>.elementor-divider__svg:first-of-type{flex-grow:0;flex-shrink:100}.elementor-widget-divider--element-align-left .elementor-divider-separator:before{content:none}.elementor-widget-divider--element-align-left .elementor-divider__element{margin-left:0}.elementor-widget-divider--element-align-right .elementor-divider .elementor-divider-separator>.elementor-divider__svg:last-of-type{flex-grow:0;flex-shrink:100}.elementor-widget-divider--element-align-right .elementor-divider-separator:after{content:none}.elementor-widget-divider--element-align-right .elementor-divider__element{margin-right:0}.elementor-widget-divider--element-align-start .elementor-divider .elementor-divider-separator>.elementor-divider__svg:first-of-type{flex-grow:0;flex-shrink:100}.elementor-widget-divider--element-align-start .elementor-divider-separator:before{content:none}.elementor-widget-divider--element-align-start .elementor-divider__element{margin-inline-start:0}.elementor-widget-divider--element-align-end .elementor-divider .elementor-divider-separator>.elementor-divider__svg:last-of-type{flex-grow:0;flex-shrink:100}.elementor-widget-divider--element-align-end .elementor-divider-separator:after{content:none}.elementor-widget-divider--element-align-end .elementor-divider__element{margin-inline-end:0}.elementor-widget-divider:not(.elementor-widget-divider--view-line_text):not(.elementor-widget-divider--view-line_icon) .elementor-divider-separator{border-block-start:var(--divider-border-width) var(--divider-border-style) var(--divider-color)}.elementor-widget-divider--separator-type-pattern{--divider-border-style:none}.elementor-widget-divider--separator-type-pattern.elementor-widget-divider--view-line .elementor-divider-separator,.elementor-widget-divider--separator-type-pattern:not(.elementor-widget-divider--view-line) .elementor-divider-separator:after,.elementor-widget-divider--separator-type-pattern:not(.elementor-widget-divider--view-line) .elementor-divider-separator:before,.elementor-widget-divider--separator-type-pattern:not([class*=elementor-widget-divider--view]) .elementor-divider-separator{width:100%;min-height:var(--divider-pattern-height);-webkit-mask-size:var(--divider-pattern-size) 100%;mask-size:var(--divider-pattern-size) 100%;-webkit-mask-repeat:var(--divider-pattern-repeat);mask-repeat:var(--divider-pattern-repeat);background-color:var(--divider-color);-webkit-mask-image:var(--divider-pattern-url);mask-image:var(--divider-pattern-url)}.elementor-widget-divider--no-spacing{--divider-pattern-size:auto}.elementor-widget-divider--bg-round{--divider-pattern-repeat:round}.rtl .elementor-widget-divider .elementor-divider__text{direction:rtl}.e-con-inner>.elementor-widget-divider,.e-con>.elementor-widget-divider{width:var(--container-widget-width,100%);--flex-grow:var(--container-widget-flex-grow)}<\/style>\t\t<div class=\"elementor-divider\">\n\t\t\t<span class=\"elementor-divider-separator\">\n\t\t\t\t\t\t<\/span>\n\t\t<\/div>\n\t\t\t\t<\/div>\n\t\t\t\t<\/div>\n\t\t\t\t\t<\/div>\n\t\t\t\t<\/div>\n\t\t<div class=\"elementor-element elementor-element-d17b14c e-flex e-con-boxed e-con e-parent\" data-id=\"d17b14c\" data-element_type=\"container\">\n\t\t\t\t\t<div class=\"e-con-inner\">\n\t\t\t\t<div class=\"elementor-element elementor-element-cd7eab0 elementor-widget elementor-widget-text-editor\" data-id=\"cd7eab0\" data-element_type=\"widget\" data-widget_type=\"text-editor.default\">\n\t\t\t\t<div class=\"elementor-widget-container\">\n\t\t\t\t\t\t\t<p><!-- wp:heading --><\/p>\n<h2><strong class=\"privacy-policy-tutorial\">Cookies policy<\/strong><\/h2>\n<p><!-- \/wp:paragraph --><!-- wp:heading --><\/p>\n<p>I cookie sono stringhe di testo di piccole dimensioni che i siti visitati dall\u2019utente inviano al suo terminale (solitamente al browser), dove vengono memorizzati per essere poi ritrasmessi agli stessi siti alla successiva visita del medesimo utente.<\/p>\n<p>Utilizzo dei Cookies<\/p>\n<p>Quando accedi alle pagine del sito Lorussolex.com vengono inviati sul device che utilizzi (computer, telefono, tablet, ecc.) dei cookies \u00ab tecnici \u00bb, \u00abdi profilazione \u00bb, anche di \u00ab parti terze \u00bb<\/p>\n<p>I cookies tecnici<\/p>\n<p>Sono cookies fondamentali per navigare all\u2019interno del sito ed utilizzare tutte le funzionalit\u00e0, come ad esempio l\u2019accesso alle aree riservate. Senza questi cookie non sarebbe possibile fornire i servizi richiesti. Questi cookies non raccolgono informazioni da utilizzare per fini commerciali.<\/p>\n<p>I cookie tecnici possono essere:<\/p>\n<p>Di sessione: garantiscono la normale navigazione e fruizione del sito web (permettendo, ad esempio, di realizzare un acquisto o autenticarsi per accedere ad aree riservate).<\/p>\n<p>Funzionali: permettono all\u2019utente la navigazione in funzione di una serie di criteri selezionati (ad esempio, la lingua, i prodotti selezionati per l\u2019acquisto) al fine di migliorare il servizio reso allo stesso.<\/p>\n<p>Analytics: raccolgono informazioni, in forma aggregata, sul numero degli utenti e su come questi visitano il sito stesso.<\/p>\n<p>I cookies di profilazione<\/p>\n<p>Permettono di tracciare un profilo degli utenti raccogliendo informazioni sulle loro preferenze di navigazione, per poi inviare contenuti personalizzati (banner promozionali e\/o offerte dedicate). I cookies di profilazione possono essere anche inviati da societ\u00e0 terze.<\/p>\n<p>Puoi in ogni momento controllare quali cookies sono presenti sul tuo device e scegliere di eliminarli utilizzando le guide ufficiali del browser che stai utilizzando:<\/p>\n<p><b>Internet Explorer<br \/>Mozilla Firefox<br \/>Google Chrome<\/b><br \/>Questo sito utilizza cookie di profilazione anche di terze parti per inviare materiale inform.<\/p>\n<p><!-- \/wp:paragraph --><\/p>\t\t\t\t\t\t<\/div>\n\t\t\t\t<\/div>\n\t\t\t\t\t<\/div>\n\t\t\t\t<\/div>\n\t\t\t\t<\/div>\n\t\t","protected":false},"excerpt":{"rendered":"<p>Privacy policy lorussolex.com\u00a0ha a cuore e si impegna a proteggere la privacy dell\u2019utente. Di seguito si riporta la policy e le misure adottate circa il trattamento dei dati personali liberamente forniti attraverso il modulo online o via e-mail. lorussolex.com, in qualit\u00e0 di titolare del trattamento, raccoglie e tratta i dati personali dell\u2019utente secondo i principi [&hellip;]<\/p>\n","protected":false},"author":1,"featured_media":0,"parent":0,"menu_order":0,"comment_status":"closed","ping_status":"open","template":"","meta":{"footnotes":""},"class_list":["post-3","page","type-page","status-publish","hentry"],"blocksy_meta":[],"yoast_head":"<!-- This site is optimized with the Yoast SEO plugin v23.4 - https:\/\/yoast.com\/wordpress\/plugins\/seo\/ -->\n<title>Privacy e Cookie Policy - COMUNICO CASERTA<\/title>\n<meta name=\"robots\" content=\"index, follow, max-snippet:-1, max-image-preview:large, max-video-preview:-1\" \/>\n<link rel=\"canonical\" href=\"https:\/\/bardiawaltersrl.it\/cristofori\/privacy-policy\/\" \/>\n<meta property=\"og:locale\" content=\"it_IT\" \/>\n<meta property=\"og:type\" content=\"article\" \/>\n<meta property=\"og:title\" content=\"Privacy e Cookie Policy - COMUNICO CASERTA\" \/>\n<meta property=\"og:description\" content=\"Privacy policy lorussolex.com\u00a0ha a cuore e si impegna a proteggere la privacy dell\u2019utente. Di seguito si riporta la policy e le misure adottate circa il trattamento dei dati personali liberamente forniti attraverso il modulo online o via e-mail. lorussolex.com, in qualit\u00e0 di titolare del trattamento, raccoglie e tratta i dati personali dell\u2019utente secondo i principi [&hellip;]\" \/>\n<meta property=\"og:url\" content=\"https:\/\/bardiawaltersrl.it\/cristofori\/privacy-policy\/\" \/>\n<meta property=\"og:site_name\" content=\"COMUNICO CASERTA\" \/>\n<meta property=\"article:modified_time\" content=\"2024-11-02T17:52:39+00:00\" \/>\n<meta name=\"twitter:card\" content=\"summary_large_image\" \/>\n<meta name=\"twitter:label1\" content=\"Tempo di lettura stimato\" \/>\n\t<meta name=\"twitter:data1\" content=\"3 minuti\" \/>\n<script type=\"application\/ld+json\" class=\"yoast-schema-graph\">{\"@context\":\"https:\/\/schema.org\",\"@graph\":[{\"@type\":\"WebPage\",\"@id\":\"https:\/\/bardiawaltersrl.it\/cristofori\/privacy-policy\/\",\"url\":\"https:\/\/bardiawaltersrl.it\/cristofori\/privacy-policy\/\",\"name\":\"Privacy e Cookie Policy - COMUNICO CASERTA\",\"isPartOf\":{\"@id\":\"https:\/\/bardiawaltersrl.it\/cristofori\/#website\"},\"datePublished\":\"2023-12-30T22:35:10+00:00\",\"dateModified\":\"2024-11-02T17:52:39+00:00\",\"breadcrumb\":{\"@id\":\"https:\/\/bardiawaltersrl.it\/cristofori\/privacy-policy\/#breadcrumb\"},\"inLanguage\":\"it-IT\",\"potentialAction\":[{\"@type\":\"ReadAction\",\"target\":[\"https:\/\/bardiawaltersrl.it\/cristofori\/privacy-policy\/\"]}]},{\"@type\":\"BreadcrumbList\",\"@id\":\"https:\/\/bardiawaltersrl.it\/cristofori\/privacy-policy\/#breadcrumb\",\"itemListElement\":[{\"@type\":\"ListItem\",\"position\":1,\"name\":\"Home\",\"item\":\"https:\/\/bardiawaltersrl.it\/cristofori\/\"},{\"@type\":\"ListItem\",\"position\":2,\"name\":\"Privacy e Cookie Policy\"}]},{\"@type\":\"WebSite\",\"@id\":\"https:\/\/bardiawaltersrl.it\/cristofori\/#website\",\"url\":\"https:\/\/bardiawaltersrl.it\/cristofori\/\",\"name\":\"COMUNICO CASERTA\",\"description\":\"COMUNICO CASERTA\",\"publisher\":{\"@id\":\"https:\/\/bardiawaltersrl.it\/cristofori\/#organization\"},\"potentialAction\":[{\"@type\":\"SearchAction\",\"target\":{\"@type\":\"EntryPoint\",\"urlTemplate\":\"https:\/\/bardiawaltersrl.it\/cristofori\/?s={search_term_string}\"},\"query-input\":{\"@type\":\"PropertyValueSpecification\",\"valueRequired\":true,\"valueName\":\"search_term_string\"}}],\"inLanguage\":\"it-IT\"},{\"@type\":\"Organization\",\"@id\":\"https:\/\/bardiawaltersrl.it\/cristofori\/#organization\",\"name\":\"COMUNICO CASERTA\",\"url\":\"https:\/\/bardiawaltersrl.it\/cristofori\/\",\"logo\":{\"@type\":\"ImageObject\",\"inLanguage\":\"it-IT\",\"@id\":\"https:\/\/bardiawaltersrl.it\/cristofori\/#\/schema\/logo\/image\/\",\"url\":\"https:\/\/bardiawaltersrl.it\/cristofori\/wp-content\/uploads\/2025\/12\/Comunico-Caserta-scaled.png\",\"contentUrl\":\"https:\/\/bardiawaltersrl.it\/cristofori\/wp-content\/uploads\/2025\/12\/Comunico-Caserta-scaled.png\",\"width\":2560,\"height\":490,\"caption\":\"COMUNICO CASERTA\"},\"image\":{\"@id\":\"https:\/\/bardiawaltersrl.it\/cristofori\/#\/schema\/logo\/image\/\"}}]}<\/script>\n<!-- \/ Yoast SEO plugin. -->","yoast_head_json":{"title":"Privacy e Cookie Policy - COMUNICO CASERTA","robots":{"index":"index","follow":"follow","max-snippet":"max-snippet:-1","max-image-preview":"max-image-preview:large","max-video-preview":"max-video-preview:-1"},"canonical":"https:\/\/bardiawaltersrl.it\/cristofori\/privacy-policy\/","og_locale":"it_IT","og_type":"article","og_title":"Privacy e Cookie Policy - COMUNICO CASERTA","og_description":"Privacy policy lorussolex.com\u00a0ha a cuore e si impegna a proteggere la privacy dell\u2019utente. Di seguito si riporta la policy e le misure adottate circa il trattamento dei dati personali liberamente forniti attraverso il modulo online o via e-mail. lorussolex.com, in qualit\u00e0 di titolare del trattamento, raccoglie e tratta i dati personali dell\u2019utente secondo i principi [&hellip;]","og_url":"https:\/\/bardiawaltersrl.it\/cristofori\/privacy-policy\/","og_site_name":"COMUNICO CASERTA","article_modified_time":"2024-11-02T17:52:39+00:00","twitter_card":"summary_large_image","twitter_misc":{"Tempo di lettura stimato":"3 minuti"},"schema":{"@context":"https:\/\/schema.org","@graph":[{"@type":"WebPage","@id":"https:\/\/bardiawaltersrl.it\/cristofori\/privacy-policy\/","url":"https:\/\/bardiawaltersrl.it\/cristofori\/privacy-policy\/","name":"Privacy e Cookie Policy - COMUNICO CASERTA","isPartOf":{"@id":"https:\/\/bardiawaltersrl.it\/cristofori\/#website"},"datePublished":"2023-12-30T22:35:10+00:00","dateModified":"2024-11-02T17:52:39+00:00","breadcrumb":{"@id":"https:\/\/bardiawaltersrl.it\/cristofori\/privacy-policy\/#breadcrumb"},"inLanguage":"it-IT","potentialAction":[{"@type":"ReadAction","target":["https:\/\/bardiawaltersrl.it\/cristofori\/privacy-policy\/"]}]},{"@type":"BreadcrumbList","@id":"https:\/\/bardiawaltersrl.it\/cristofori\/privacy-policy\/#breadcrumb","itemListElement":[{"@type":"ListItem","position":1,"name":"Home","item":"https:\/\/bardiawaltersrl.it\/cristofori\/"},{"@type":"ListItem","position":2,"name":"Privacy e Cookie Policy"}]},{"@type":"WebSite","@id":"https:\/\/bardiawaltersrl.it\/cristofori\/#website","url":"https:\/\/bardiawaltersrl.it\/cristofori\/","name":"COMUNICO CASERTA","description":"COMUNICO CASERTA","publisher":{"@id":"https:\/\/bardiawaltersrl.it\/cristofori\/#organization"},"potentialAction":[{"@type":"SearchAction","target":{"@type":"EntryPoint","urlTemplate":"https:\/\/bardiawaltersrl.it\/cristofori\/?s={search_term_string}"},"query-input":{"@type":"PropertyValueSpecification","valueRequired":true,"valueName":"search_term_string"}}],"inLanguage":"it-IT"},{"@type":"Organization","@id":"https:\/\/bardiawaltersrl.it\/cristofori\/#organization","name":"COMUNICO CASERTA","url":"https:\/\/bardiawaltersrl.it\/cristofori\/","logo":{"@type":"ImageObject","inLanguage":"it-IT","@id":"https:\/\/bardiawaltersrl.it\/cristofori\/#\/schema\/logo\/image\/","url":"https:\/\/bardiawaltersrl.it\/cristofori\/wp-content\/uploads\/2025\/12\/Comunico-Caserta-scaled.png","contentUrl":"https:\/\/bardiawaltersrl.it\/cristofori\/wp-content\/uploads\/2025\/12\/Comunico-Caserta-scaled.png","width":2560,"height":490,"caption":"COMUNICO CASERTA"},"image":{"@id":"https:\/\/bardiawaltersrl.it\/cristofori\/#\/schema\/logo\/image\/"}}]}},"_links":{"self":[{"href":"https:\/\/bardiawaltersrl.it\/cristofori\/wp-json\/wp\/v2\/pages\/3","targetHints":{"allow":["GET"]}}],"collection":[{"href":"https:\/\/bardiawaltersrl.it\/cristofori\/wp-json\/wp\/v2\/pages"}],"about":[{"href":"https:\/\/bardiawaltersrl.it\/cristofori\/wp-json\/wp\/v2\/types\/page"}],"author":[{"embeddable":true,"href":"https:\/\/bardiawaltersrl.it\/cristofori\/wp-json\/wp\/v2\/users\/1"}],"replies":[{"embeddable":true,"href":"https:\/\/bardiawaltersrl.it\/cristofori\/wp-json\/wp\/v2\/comments?post=3"}],"version-history":[{"count":17,"href":"https:\/\/bardiawaltersrl.it\/cristofori\/wp-json\/wp\/v2\/pages\/3\/revisions"}],"predecessor-version":[{"id":1806,"href":"https:\/\/bardiawaltersrl.it\/cristofori\/wp-json\/wp\/v2\/pages\/3\/revisions\/1806"}],"wp:attachment":[{"href":"https:\/\/bardiawaltersrl.it\/cristofori\/wp-json\/wp\/v2\/media?parent=3"}],"curies":[{"name":"wp","href":"https:\/\/api.w.org\/{rel}","templated":true}]}}